2178?
False
Is 8367134 a multiple of 12?
False
Does 11 divide 7599526?
True
Is 4209509 a multiple of 31?
False
Is 79 a factor of 6652669?
True
Does 151 divide 614185252?
True
Does 124 divide 46658720?
True
Is 110 a factor of 110482350?
True
Is 1312 a factor of 77414560?
True
Is 271036269 a multiple of 86?
False
Does 2170 divide 34032110?
True
Is 31 a factor of 167599411?
False
Does 56 divide 86864848?
True
Is 106396750 a multiple of 235?
False
Does 4 divide 3794300?
True
Does 5761 divide 830661307?
True
Does 6 divide 24977689?
False
Is 131 a factor of 2125767916?
True
Is 244089446 a multiple of 1599?
False
Is 3215 a factor of 63251910?
True
Is 48 a factor of 638409840?
True
Is 558 a factor of 285459852?
False
Is 10350032 a multiple of 2?
True
Is 181056873 a multiple of 1724?
False
Does 34 divide 158500418?
True
Does 23 divide 69088665?
True
Is 262567343 a multiple of 126?
False
Is 76 a factor of 1474002368?
True
Is 73119231 a multiple of 1257?
False
Is 722 a factor of 1273995832?
False
Does 117 divide 20213622?
True
Is 10970818 a multiple of 1283?
False
Does 3874 divide 264090580?
True
Is 985489626 a multiple of 1125?
False
Is 1302562 a multiple of 32?
False
Does 4374 divide 320885388?
True
Does 658 divide 335404668?
False
Does 21 divide 196896420?
True
Does 169 divide 357580847?
True
Is 770 a factor of 33652080?
True
Is 316360125 a multiple of 2685?
True
Is 6485 a factor of 462367530?
True
Is 48 a factor of 2109346944?
True
Does 16 divide 1258695744?
True
Is 28 a factor of 673936731?
False
Is 4867 a factor of 446459644?
True
Is 206 a factor of 78414106?
True
Is 5 a factor of 467940700?
True
Is 5 a factor of 68888705?
True
Is 116437930 a multiple of 17?
True
Does 3 divide 73417121?
False
Does 54 divide 4826068?
False
Is 16 a factor of 3152593136?
True
Is 315550326 a multiple of 42?
True
Does 1376 divide 3233938496?
True
Is 352904824 a multiple of 46?
True
Does 1514 divide 990408379?
False
Is 5 a factor of 122467818?
False
Is 10958678 a multiple of 202?
False
Is 1047270414 a multiple of 202?
True
Is 139 a factor of 50986312?
True
Is 1166298225 a multiple of 32?
False
Is 209579536 a multiple of 697?
True
Is 37 a factor of 25914451?
False
Does 6 divide 230546990?
False
Is 27682920 a multiple of 180?
True
Is 129 a factor of 41142885?
False
Is 234 a factor of 72642960?
True
Is 7216543 a multiple of 1001?
False
Is 60199168 a multiple of 256?
True
Is 927059919 a multiple of 989?
True
Is 983 a factor of 118604848?
True
Is 2895011 a multiple of 176?
False
Is 37578995 a multiple of 66?
False
Does 2152 divide 2385384400?
True
Is 5 a factor of 15726814?
False
Is 4839475743 a multiple of 11566?
False
Does 42 divide 19319776?
False
Does 47 divide 36198554?
True
Is 1290 a factor of 54945824?
False
Is 324505896 a multiple of 3289?
True
Does 67 divide 37814404?
False
Is 143165100 a multiple of 78?
True
Is 2 a factor of 27830319?
False
Is 2752 a factor of 6351898339?
False
Is 8 a factor of 37368848?
True
Is 22448037 a multiple of 7?
False
Is 28 a factor of 322314890?
False
Is 433 a factor of 291210132?
False
Is 260243999 a multiple of 2081?
False
Is 20466271 a multiple of 49?
True
Is 314 a factor of 8045308?
True
Does 206 divide 80204496?
False
Is 4438457440 a multiple of 8480?
True
Is 11 a factor of 6992073011?
True
Is 15 a factor of 477038835?
True
Is 156167524 a multiple of 382?
False
Does 349 divide 15634502?
True
Does 2012 divide 222909480?
True
Is 62432153 a multiple of 1553?
True
Does 329 divide 59059756?
False
Does 1273 divide 192866247?
False
Is 2679 a factor of 50126769?
True
Is 22427648 a multiple of 61?
False
Is 435 a factor of 80701635?
True
Does 107 divide 42723709?
True
Is 122246371 a multiple of 17?
True
Does 3 divide 144165756?
True
Does 297 divide 374866272?
True
Does 122 divide 40537794?
True
Does 32 divide 287172856?
False
Is 21721568 a multiple of 22?
True
Does 2045 divide 1787013025?
True
Is 6313205 a multiple of 509?
False
Does 9 divide 190939590?
True
Does 126 divide 1886265360?
True
Does 11 divide 120806589?
False
Is 3236393120 a multiple of 80?
True
Is 47540535 a multiple of 2485?
True
Does 9 divide 4598043936?
False
Is 38001552 a multiple of 6?
True
Does 31 divide 3505886844?
True
Is 31981526 a multiple of 47?
True
Does 1426 divide 251083151?
False
Does 16 divide 30287312?
True
Does 41 divide 3581096?
False
Is 1681 a factor of 87882680?
True
Is 478715104 a multiple of 14?
True
Does 82 divide 22764840?
True
Does 15 divide 78372870?
True
Is 8 a factor of 7941232?
True
Is 33141836 a multiple of 182?
True
Is 14 a factor of 3299385656?
True
Is 358809643 a multiple of 6?
False
Does 30 divide 49913547?
False
Does 12 divide 1040489294?
False
Is 1142025538 a multiple of 80?
False
Is 9 a factor of 119204388?
True
Is 35662572 a multiple of 2729?
True
Is 153474145 a multiple of 296?
False
Is 2598416 a multiple of 17?
True
Is 33351780 a multiple of 2?
True
Is 4392990 a multiple of 399?
True
Is 2822 a factor of 1660051819?
False
Does 2233 divide 7384711?
False
Is 31483788 a multiple of 13?
False
Is 50930672 a multiple of 13?
True
Does 871 divide 3334518?
False
Is 36 a factor of 37496056?
False
Is 37 a factor of 40892733?
True
Does 814 divide 42804190?
True
Does 15 divide 3015810555?
True
Is 20 a factor of 65988320?
True
Is 28841649 a multiple of 2073?
True
Does 738 divide 1211641992?
False
Is 202111976 a multiple of 88?
True
Is 752522906 a multiple of 2388?
False
Is 6285912 a multiple of 24?
True
Does 699 divide 139145564?
False
Does 25 divide 273372768?
False
Is 50890550 a multiple of 475?
True
Is 77 a factor of 55305425?
False
Does 785 divide 10332955?
True
Is 2961 a factor of 47873448?
True
Does 2484 divide 12887540?
False
Is 2507 a factor of 1089252776?
False
Does 1675 divide 4763700?
True
Is 3 a factor of 56699322?
True
Does 1108 divide 14153592?
True
Does 41 divide 100075234?
False
Is 200470050 a multiple of 32?
False
Does 358 divide 150614538?
True
Does 145 divide 161687325?
True
Is 56315088 a multiple of 684?
True
Does 15 divide 962439630?
True
Is 16976442 a multiple of 49?
True
Does 7 divide 25012129?
False
Is 633 a factor of 3484306?
False
Does 1173 divide 428170806?
True
Is 23306800 a multiple of 200?
True
Is 90 a factor of 6236820?
True
Does 869 divide 1652341801?
True
Does 3173 divide 91855177?
True
Does 19 divide 73979664?
False
Does 20 divide 971058151?
False
Does 3990 divide 220000488?
False
Is 2568421114 a multiple of 217?
True
Does 558 divide 216985554?
True
Does 1069 divide 57357614?
False
Is 99540251 a multiple of 5?
False
Is 713109914 a multiple of 17?
True
Does 3193 divide 723876616?
False
Is 579539740 a multiple of 200?
False
Is 600836985 a multiple of 138?
False
Is 1788155291 a multiple of 2353?
True
Is 9 a factor of 105807519?
True
Does 1015 divide 5198830?
True
Is 358 a factor of 395437492?
True
Is 454 a factor of 101815402?
True
Does 15 divide 43706056?
False
Does 242 divide 59267875?
False
Is 42 a factor of 449501139?
False
Is 657732344 a multiple of 55?
False
Is 37 a factor of 143701963?
False
Does 1346 divide 285431414?
True
Is 7 a factor of 22940016?
False
Is 851318123 a multiple of 124?
False
Does 145 divide 13202419?
False
Is 225 a factor of 263635425?
True
Is 450 a factor of 101795408?
False
Does 309 divide 11528011?
False
Does 134 divide 370476634?
True
Is 439 a factor of 728789679?
False
Does 3852 divide 413385084?
True
Is 91 a factor of 5022004?
False
Is 4888 a factor of 556748088?
True
Does 504 divide 21576744?
True
Is 3336 a factor of 1618270248?
True
Is 355357905 a multiple of 7?
True
Is 49696715 a multiple of 97?
False
Is 1557 a factor of 599038623?
True
Does 28 divide 157332559?
False
Is 70 a factor of 168495091?
False
Is 21034758 a multiple of 13?
False
Is 24095207 a multiple of 208?
False
Is 46 a factor of 176816824?
True
Does 2944 divide 541995518?
False
Is 3658 a factor of 193091188?
True
Is 1972 a factor of 1482070404?
True
Is 291267810 a multiple of 11?
False
Is 125 a factor of 345538966?
False
Is 1844305 a multiple of 2013?
False
Is 22 a factor of 1077753336?
True
Is 35403582 a multiple of 82?
True
Does 214 divide 166248534?
False
Is 199 a factor of 71274239?
False
Is 2200918434 a multiple of 286?
True
Is 661 a factor of 83079856?
False
Does 395 divide 390086200?
True
Is 153 a factor of 56765805